 273 a factor of 54335894?
False
Does 717 divide 142282197?
True
Is 40 a factor of 4007637?
False
Is 106930868 a multiple of 11?
True
Is 104 a factor of 73528?
True
Is 101294332 a multiple of 570?
False
Does 622 divide 2943831865?
False
Is 75 a factor of 79218675?
True
Is 30 a factor of 480673464?
False
Is 35 a factor of 71379354?
False
Does 1944 divide 22829161?
False
Does 1690 divide 26823680?
True
Does 245 divide 936630835?
True
Does 2416 divide 8552115194?
False
Does 776 divide 32903176?
True
Is 36583086 a multiple of 928?
False
Is 5087505 a multiple of 85?
True
Is 2259925059 a multiple of 2743?
False
Does 1939 divide 71212779?
False
Is 482048108 a multiple of 244?
True
Is 4 a factor of 39574466?
False
Is 2326859872 a multiple of 21?
False
Is 185500800 a multiple of 1900?
True
Is 95384342 a multiple of 4341?
False
Is 2915387185 a multiple of 317?
True
Does 865 divide 65144015?
True
Is 22424780 a multiple of 28?
True
Is 3516923 a multiple of 2?
False
Is 11 a factor of 288474476?
False
Is 61 a factor of 50414918?
False
Is 3984 a factor of 130992716?
False
Is 527 a factor of 1435096788?
False
Is 1027719451 a multiple of 11?
True
Is 85 a factor of 54272585?
True
Is 39988332 a multiple of 15?
False
Is 6 a factor of 9954767?
False
Is 1048960242 a multiple of 813?
True
Is 65 a factor of 556804690?
True
Is 218760420 a multiple of 17?
True
Is 204535280 a multiple of 489?
False
Does 10 divide 571861620?
True
Is 29 a factor of 52984421?
True
Does 1701 divide 8466270?
False
Is 29 a factor of 16929578?
False
Is 162 a factor of 68728014?
True
Does 367 divide 1410205574?
True
Is 915 a factor of 341883008?
False
Does 2984 divide 226202120?
True
Does 7 divide 62823461?
False
Is 3362 a factor of 200328132?
True
Is 105 a factor of 134053080?
True
Is 2882 a factor of 1258030466?
True
Is 114913488 a multiple of 48?
True
Is 46 a factor of 262907112?
True
Does 741 divide 341305341?
True
Does 27 divide 24752547?
True
Is 1125 a factor of 48799125?
True
Is 54638484 a multiple of 34?
False
Is 53 a factor of 29934983?
True
Is 807072329 a multiple of 83?
True
Is 123668888 a multiple of 172?
False
Is 40576545 a multiple of 3337?
False
Is 783 a factor of 8777770?
False
Is 15 a factor of 956091250?
False
Is 1540 a factor of 504641060?
True
Does 147 divide 807839823?
True
Is 513076662 a multiple of 3240?
False
Is 87 a factor of 94674628?
False
Does 82 divide 3577785?
False
Is 132 a factor of 875230993?
False
Is 114 a factor of 8546922?
True
Is 456455717 a multiple of 68?
False
Is 22 a factor of 8965354?
False
Does 189 divide 405851985?
True
Is 67 a factor of 19638159?
False
Is 279 a factor of 15800049?
True
Is 7005852 a multiple of 3?
True
Is 82198480 a multiple of 130?
True
Is 5 a factor of 1409820?
True
Is 1861910995 a multiple of 12?
False
Is 72 a factor of 20381328?
True
Does 49 divide 63776656?
False
Does 26 divide 51778740?
True
Does 55 divide 332818548?
False
Is 69357700 a multiple of 445?
True
Does 7 divide 433771523?
False
Is 596864349 a multiple of 267?
True
Is 25927977 a multiple of 226?
False
Is 9 a factor of 294487263?
True
Does 17 divide 221347844?
False
Is 50729868 a multiple of 3?
True
Is 1502 a factor of 268049083?
False
Does 30 divide 928203920?
False
Does 65 divide 21487493?
False
Does 26 divide 365535580?
False
Is 16218888 a multiple of 1287?
False
Does 300 divide 820749600?
True
Is 290351613 a multiple of 4?
False
Is 570692811 a multiple of 236?
False
Is 132 a factor of 7540962374?
False
Is 25272688 a multiple of 7?
True
Is 9188087 even?
False
Does 7 divide 29599913?
True
Does 142 divide 25478830?
False
Is 2061372 a multiple of 1214?
True
Is 35 a factor of 147037835?
True
Does 18 divide 25687661?
False
Is 1478 a factor of 2271798?
False
Is 50 a factor of 3850513429?
False
Does 17 divide 858464370?
False
Is 277709691 a multiple of 60?
False
Does 15 divide 56152614?
False
Does 18 divide 14431842?
True
Is 422987961 a multiple of 33?
True
Is 57111104 a multiple of 1192?
True
Is 22712871 a multiple of 492?
False
Is 47 a factor of 7220852?
False
Does 23 divide 63270125?
True
Is 128805 a multiple of 3?
True
Is 1213 a factor of 53985778?
True
Is 41 a factor of 19484627?
False
Is 2249055000 a multiple of 72?
True
Does 349 divide 658499217?
False
Is 973501931 a multiple of 16?
False
Does 24 divide 6275832?
True
Is 30 a factor of 1765704?
False
Is 616646917 a multiple of 3371?
True
Is 701876448 a multiple of 364?
True
Does 1151 divide 32272240?
False
Is 258 a factor of 59279868?
False
Does 18 divide 65181402?
True
Does 102 divide 105308574?
True
Is 62984488 a multiple of 2?
True
Does 15 divide 837531045?
True
Is 1310 a factor of 2440241800?
True
Is 126 a factor of 3040942395?
False
Is 13 a factor of 17335849?
False
Is 78 a factor of 117915954?
True
Is 334754673 a multiple of 501?
True
Is 123597375 a multiple of 3971?
True
Is 928172299 a multiple of 231?
False
Is 238 a factor of 11985442?
True
Does 16 divide 19308040?
False
Does 41 divide 126580776?
True
Does 8 divide 5563985?
False
Is 20199629 a multiple of 18?
False
Does 28 divide 8715532?
True
Is 11 a factor of 521042643?
True
Is 964464 a multiple of 48?
True
Does 901 divide 4915233?
False
Does 28 divide 715105?
False
Is 3594 a factor of 94647990?
True
Is 485 a factor of 46679205?
False
Is 1135454553 a multiple of 85?
False
Is 8 a factor of 300420712?
True
Is 18695796 a multiple of 125?
False
Does 17 divide 266821936?
True
Does 484 divide 120855401?
False
Does 6 divide 495366?
True
Is 1249 a factor of 127148200?
True
Does 1218 divide 1724094834?
True
Is 1971749296 a multiple of 248?
True
Is 43 a factor of 64643190?
True
Is 12 a factor of 1283673516?
True
Is 51 a factor of 3673887?
True
Is 29876 a multiple of 6?
False
Is 708769558 a multiple of 14?
True
Is 19 a factor of 429068952?
False
Is 137 a factor of 19333029?
True
Does 23 divide 12756053?
True
Is 508044 a multiple of 423?
False
Does 931 divide 5680922?
False
Does 4 divide 193270910?
False
Is 11737545 a multiple of 215?
False
Does 316 divide 6164820?
False
Is 104741485 a multiple of 132?
False
Does 5904 divide 833951808?
True
Is 9849 a factor of 1787635774?
False
Is 45 a factor of 2828363265?
True
Is 1893 a factor of 18107040?
False
Does 563 divide 4870705?
False
Does 111 divide 20981664?
True
Is 2779925070 a multiple of 24?
False
Does 569 divide 692660770?
True
Is 98 a factor of 7863030?
True
Is 17126562 a multiple of 361?
True
Is 175 a factor of 2052139749?
False
Is 820277370 a multiple of 2890?
True
Is 44 a factor of 3632597?
False
Does 12 divide 67974005?
False
Is 23 a factor of 17669134?
False
Does 859 divide 513541124?
True
Is 767 a factor of 134211194?
True
Does 124 divide 217147447?
False
Is 93 a factor of 141293505?
True
Is 295 a factor of 308793315?
True
Is 9229248 a multiple of 192?
True
Does 28 divide 2512895084?
True
Does 130 divide 229991661?
False
Does 186 divide 51167426?
False
Is 17 a factor of 5603536417?
False
Does 419 divide 968726779?
False
Is 241 a factor of 181946806?
True
Does 104 divide 154165449?
False
Does 18 divide 108857484?
True
Is 39321116 a multiple of 665?
False
Is 3158 a factor of 363068944?
True
Is 38815097 a multiple of 58?
False
Does 15 divide 104861350?
False
Is 344683017 a multiple of 9?
True
Is 18 a factor of 984699936?
True
Does 5 divide 7156553?
False
Is 53959879 a multiple of 236?
False
Is 618613050 a multiple of 4730?
True
Is 126 a factor of 5033952?
True
Is 57233660 a multiple of 460?
True
Does 2457 divide 76528809?
False
Is 19 a factor of 180529355?
True
Is 27211029 a multiple of 80?
False
Does 195 divide 18204616?
False
Is 6 a factor of 1392127?
False
Is 1985 a factor of 31319295?
False
Is 4 a factor of 3930746?
False
Is 32 a factor of 50217169?
False
Does 361 divide 3977807464?
False
Is 1129448555 a multiple of 2281?
True
Does 2 divide 39431817?
False
Is 1057953037 a multiple of 664?
False
Is 7345277955 a multiple of 15?
True
Does 1310 divide 57646819?
False
Is 11 a factor of 52099293?
False
Does 216 divide 43206518?
False
Is 63674512 a multiple of 167?
False
Does 191 divide 22803160?
False
Is 67 a factor of 289776407?
True
Is 33 a factor of 43495533?
False
Is 418 a factor of 2609402?
False
Is 12 a factor of 22355784?
True
Is 825470282 a multiple of 254?
True
Is 785 a factor of 71717644?
False
Is 233647